y 58?
17
Calculate the remainder when 28048565 is divided by 233738.
5
What is the remainder when 41765472 is divided by 1252?
4
What is the remainder when 1762388 is divided by 352476?
8
What is the remainder when 1250074 is divided by 155?
154
What is the remainder when 16216795 is divided by 26?
23
Calculate the remainder when 5585991 is divided by 113999.
40
Calculate the remainder when 121116 is divided by 2670.
966
Calculate the remainder when 876280639 is divided by 1264.
1263
Calculate the remainder when 8726852 is divided by 793350.
2
Calculate the remainder when 16096219 is divided by 143.
139
Calculate the remainder when 82984226 is divided by 14387.
10
Calculate the remainder when 35577557 is divided by 489.
362
Calculate the remainder when 214369 is divided by 71426.
91
Calculate the remainder when 6158249 is divided by 39.
32
What is the remainder when 17586748 is divided by 150?
148
What is the remainder when 877875 is divided by 438914?
47
Calculate the remainder when 26560928 is divided by 1218.
2
Calculate the remainder when 378830 is divided by 197.
196
Calculate the remainder when 95457 is divided by 95408.
49
Calculate the remainder when 506019743 is divided by 1435.
1433
Calculate the remainder when 37799448 is divided by 5662.
5598
Calculate the remainder when 5045110 is divided by 9.
7
What is the remainder when 9949472 is divided by 3561?
38
Calculate the remainder when 363945 is divided by 269.
257
Calculate the remainder when 759160 is divided by 121.
6
Calculate the remainder when 30671767 is divided by 67.
38
What is the remainder when 36581872 is divided by 935?
932
What is the remainder when 6906803 is divided by 187?
145
What is the remainder when 1586387 is divided by 3759?
89
What is the remainder when 6938389 is divided by 1757?
1753
Calculate the remainder when 1371176 is divided by 1656.
8
Calculate the remainder when 83208636 is divided by 254.
14
What is the remainder when 5727 is divided by 296?
103
Calculate the remainder when 10461864 is divided by 3.
0
Calculate the remainder when 5667504 is divided by 5667480.
24
Calculate the remainder when 24021526 is divided by 5146.
5144
What is the remainder when 28467728 is divided by 168?
128
What is the remainder when 1243274 is divided by 1263?
482
What is the remainder when 416593 is divided by 279?
46
Calculate the remainder when 62024 is divided by 231.
116
Calculate the remainder when 163011 is divided by 8103.
951
What is the remainder when 330169 is divided by 224?
217
Calculate the remainder when 538673 is divided by 179532.
77
Calculate the remainder when 2385041 is divided by 556.
357
What is the remainder when 16402324 is divided by 3323?
3319
Calculate the remainder when 727061 is divided by 363369.
323
Calculate the remainder when 20685 is divided by 1621.
1233
What is the remainder when 67614 is divided by 1252?
6
Calculate the remainder when 11780 is divided by 3795.
395
What is the remainder when 401748 is divided by 44612?
240
Calculate the remainder when 66418 is divided by 11035.
208
What is the remainder when 1195966 is divided by 74746?
30
Calculate the remainder when 589713 is divided by 49139.
45
What is the remainder when 72582063 is divided by 1194?
1191
Calculate the remainder when 9608264 is divided by 114.
2
What is the remainder when 46865321 is divided by 1718?
1717
Calculate the remainder when 2026888 is divided by 4944.
4792
Calculate the remainder when 742331 is divided by 7814.
1
Calculate the remainder when 138097 is divided by 68952.
193
Calculate the remainder when 13650319 is divided by 1998.
1981
What is the remainder when 2641882 is divided by 440312?
10
What is the remainder when 288065452 is divided by 14?
10
Calculate the remainder when 3984132 is divided by 1328043.
3
Calculate the remainder when 198424 is divided by 1350.
1324
Calculate the remainder when 1277674 is divided by 1277632.
42
What is the remainder when 4406487 is divided by 176257?
62
What is the remainder when 67040062 is divided by 12?
10
What is the remainder when 4750441 is divided by 2693?
2682
What is the remainder when 4883771 is divided by 73?
71
What is the remainder when 61221 is divided by 2691?
2019
Calculate the remainder when 1071592 is divided by 48708.
16
What is the remainder when 8373959 is divided by 63?
62
Calculate the remainder when 40075 is divided by 3087.
3031
Calculate the remainder when 103618 is divided by 103306.
312
Calculate the remainder when 64598118 is divided by 1940.
1938
What is the remainder when 2343652 is divided by 3774?
3772
Calculate the remainder when 1864443 is divided by 246.
9
Calculate the remainder when 1119997 is divided by 514.
505
What is the remainder when 148757 is divided by 1273?
1089
Calculate the remainder when 5873361 is divided by 153.
150
Calculate the remainder when 52038029 is divided by 1562.
1561
Calculate the remainder when 24665974 is divided by 788.
786
What is the remainder when 16587762 is divided by 37?
33
Calculate the remainder when 8613 is divided by 1070.
53
What is the remainder when 266039 is divided by 1064?
39
Calculate the remainder when 29057546 is divided by 30.
26
Calculate the remainder when 587904 is divided by 19.
6
What is the remainder when 162120344 is divided by 1014?
1010
What is the remainder when 168629 is divided by 320?
309
What is the remainder when 495694810 is divided by 59?
56
Calculate the remainder when 533807 is divided by 266869.
69
Calculate the remainder when 4803633 is divided by 39374.
5
Calculate the remainder when 2410754 is divided by 287.
241
Calculate the remainder when 3749606 is divided by 15.
11
Calculate the remainder when 1111472 is divided by 395.
337
What is the remainder when 229533 is divided by 15216?
1293
Calculate the remainder when 271259 is divided by 3996.
3527
What is the remainder when 22313776 is divided by 2440?
2416
What is the remainder when 35746 is divided by 271?
245
Calculate the remainder when 896929 is divided by 89038.
6549
What is the remainder when 1219059 is divided by 456?
171
Calculate the remainder when 5250398 is divided by 40.
38
What is the remainder when 38292684 is divided by 702?
690
Calculate the remainder when 22922103 is divided by 287.
274
What is the remainder when 1093846 is divided by 546919?
8
Calculate the remainder when 224217 is divided by 8299.
144
What is the remainder when 5794542 is divided by 282?
6
What is the remainder when 82092618 is divided by 287?
286
Calculate the remainder when 11798480 is divided by 324.
20
What is the remainder when 30281686 is divided by 1137?
1102
What is the remainder when 38168957 is divided by 64?
61
What is the remainder when 3848353 is divided by 855?
853
What is the remainder when 484608 is divided by 26903?
354
What is the remainder when 617748726 is divided by 741?
738
Calculate the remainder when 344520 is divided by 66118.
13930
Calculate the remainder when 17075 is divided by 1503.
542
Calculate the remainder when 60202 is divided by 375.
202
Calculate the remainder when 1146242 is divided by 1144.
1098
Calculate the remainder when 2738288 is divided by 394.
382
Calculate the remainder when 1714873 is divided by 45.
13
Calculate the remainder when 963424 is divided by 26.
20
What is the remainder when 376288454 is divided by 6715?
6714
Calculate the remainder when 16534953 is divided by 49804.
25
What is the remainder when 3992619 is divided by 57?
54
Calculate the remainder when 6432 is divided by 885.
237
What is the remainder when 45878 is divided by 3536?
3446
Calculate the remainder when 335985431 is divided by 7148626.
9
Calculate the remainder when 354595 is divided by 598.
579
Calculate the remainder when 169674 is divided by 10591.
218
What is the remainder when 315083 is divided by 368?
75
Calculate the remainder when 47171725 is divided by 56765.
10
Calculate the remainder when 218665 is divided by 217771.
894
What is the remainder when 505311 is divided by 32?
31
Calculate the remainder when 490417 is divided by 5906.
219
Calculate the remainder when 9595967 is divided by 318.
317
What is the remainder when 23544 is divided by 4444?
1324
What is the remainder when 2101100 is divided by 195?
170
Calculate the remainder when 21266432